at is g(68)?
-353
Let x(y) = -y**2 - 430*y - 6458. Calculate x(-16).
166
Let k(u) = -u**3 + 41*u**2 - 26*u - 2126. What is k(39)?
-98
Let f(j) = -4*j**3 - 11*j**2 - 1142*j - 4643. What is f(-4)?
5
Let t(i) = 49562*i - 30381504. Determine t(613).
2
Let l(h) = 3*h**3 - 229*h**2 + 306*h + 278. Determine l(75).
728
Let d(k) = k**3 + 231*k**2 + 312*k + 18680. Determine d(-230).
-180
Let j(h) = -344*h - 40664. Calculate j(-129).
3712
Let o(q) = 745*q - 25143. What is o(28)?
-4283
Let m(v) = 261*v + 3154. Determine m(-9).
805
Let s(u) = 6*u**3 - 33*u**2 - 76*u - 10. What is s(-2)?
-38
Let m(r) = -45*r**2 + 43695*r + 2. Calculate m(971).
2
Let m(b) = -12*b**2 + 4942*b + 35188. Calculate m(-7).
6
Let k(r) = 2318*r + 389421. Determine k(-168).
-3
Let l(c) = -115831*c - 49691493. What is l(-429)?
6
Let a(f) = 99*f**2 - 282*f - 432. Give a(4).
24
Let m(i) = -24*i**2 + 130*i + 3462. What is m(15)?
12
Let b(o) = 8*o**2 - 1494*o + 14135. Give b(10).
-5
Let b(g) = -g**3 + 29*g**2 - 2014*g + 58442. Calculate b(29).
36
Let y(d) = 3*d**2 - 5532*d + 483525. Calculate y(1752).
-27
Let a(t) = 2*t**3 + 983*t**2 - 16786*t - 11173. Calculate a(-508).
3
Let z(i) = 1998*i + 27841. Calculate z(-12).
3865
Let j(i) = -2*i**2 + 78*i - 149. Give j(38).
-73
Let m(f) = -394*f + 20528. What is m(52)?
40
Let w(g) = -2*g**2 + 3173*g - 68842. Calculate w(22).
-4
Let n(d) = -5*d**3 - 28*d**2 - 15*d + 4. Give n(-6).
166
Let z(k) = -k**2 - 17*k - 3. Determine z(-20).
-63
Let d(p) = -914*p + 39687. What is d(43)?
385
Let i(o) = 11657*o - 6796025. What is i(583)?
6
Let b(p) = -131168*p - 3541512. Give b(-27).
24
Let b(p) = 3*p**3 + 12*p**2 + 68*p + 27. What is b(0)?
27
Let j(b) = 2*b**2 - 8292*b + 8500482. Calculate j(2290).
2
Let t(v) = v**3 + 16*v**2 + 117*v + 10. Determine t(-9).
-476
Let z(n) = -2197*n - 3033. Give z(0).
-3033
Let h(p) = 8541*p + 896810. What is h(-105)?
5
Let j(r) = r**2 - 829*r + 10658. What is j(13)?
50
Let w(y) = 215*y**3 + 4*y**2 + 146*y - 149. What is w(1)?
216
Let z(q) = -1273*q - 287456. Give z(-226).
242
Let h(k) = -1406*k - 7610. Determine h(-4).
-1986
Let l(f) = f**2 + 202*f - 11817. Give l(47).
-114
Let f(y) = 116526*y**2 + 1048737*y + 28. Determine f(-9).
1
Let m(o) = 35*o**3 - 2484*o**2 - 114*o + 3052. What is m(71)?
-1
Let u(x) = 1814*x - 11952. Calculate u(6).
-1068
Let x(v) = 46*v**2 + 759*v - 399. Give x(-17).
-8
Let m(f) = -42*f**2 - 9*f - 40. Determine m(-4).
-676
Let y(u) = -11*u**3 - 24*u**2 + 75*u + 9. Calculate y(3).
-279
Let r(p) = 89*p + 946. Determine r(-25).
-1279
Let f(j) = -4596*j + 112075. What is f(25)?
-2825
Let w(g) = 80*g**2 + 605*g + 388. Give w(-7).
73
Let r(g) = -4263*g - 110827. What is r(-26)?
11
Let r(t) = -60281*t - 964489. Determine r(-16).
7
Let l(t) = t**3 + 591*t**2 - 6576*t - 144. Give l(11).
362
Let f(o) = 264*o + 4643. Give f(-16).
419
Let j(z) = 128163*z + 897139. Determine j(-7).
-2
Let b(k) = -22149*k - 22156. What is b(-1)?
-7
Let k(t) = -7*t**2 - 1054*t + 7058. Give k(-157).
-7
Let o(c) = 2*c**2 - 123908*c + 6808890. Give o(55).
0
Let k(q) = -q**3 + 30*q**2 + 365*q - 555. Determine k(39).
-9
Let i(h) = 4025*h - 56429. Give i(14).
-79
Let u(f) = f**2 - 395*f - 58672. Give u(-115).
-22
Let b(k) = -37*k**3 - 186*k**2 - 10*k - 16. Determine b(-5).
9
Let q(t) = t**3 - 12*t**2 - 366*t - 33. Determine q(-14).
-5
Let a(u) = 2927*u - 166899. What is a(57)?
-60
Let y(z) = -3679*z - 40425. Determine y(-11).
44
Let r(b) = -167*b + 469. Determine r(5).
-366
Let n(l) = -l**3 + 21*l**2 + 1016*l - 20027. What is n(19)?
-1
Let n(g) = 37*g + 2054. Determine n(11).
2461
Let j(v) = -3512*v + 263307. Determine j(75).
-93
Let q(l) = 28*l**3 + 10*l**2 + 52*l + 51. Determine q(-2).
-237
Let m(b) = -9*b + 1159. Calculate m(-35).
1474
Let o(l) = -193*l + 30174. What is o(157)?
-127
Let b(w) = w**2 - 606*w + 6495. What is b(11)?
-50
Let g(d) = 110*d + 795. Determine g(-6).
135
Let k(j) = 793858*j + 5557005. What is k(-7)?
-1
Let h(o) = -o**3 + 25*o**2 + 939*o - 611. Determine h(-21).
-44
Let x(n) = n**2 - 13*n - 292. Calculate x(-17).
218
Let m(p) = -p**2 + 12876*p + 257629. What is m(-20)?
-291
Let o(m) = -344*m + 9921. What is o(29)?
-55
Let i(k) = k**3 + 10*k**2 - 191*k - 834. Determine i(-4).
26
Let a(b) = -7985*b + 7698. Determine a(1).
-287
Let h(v) = -19*v**2 + 156*v - 1820. What is h(13)?
-3003
Let z(o) = -2666*o + 26841. Calculate z(10).
181
Let h(z) = 2*z**3 - 1010*z**2 - 15604*z + 2008. Give h(520).
-72
Let k(h) = 487*h**3 + 3*h**2 - 450*h - 454. Give k(-1).
-488
Let t(d) = 12421*d + 186318. Calculate t(-15).
3
Let r(p) = p**3 + 43*p**2 - 48*p - 84. What is r(-44)?
92
Let o(l) = -2*l**3 + 1589*l**2 - 11032*l + 58. What is o(7)?
9
Let y(g) = 16*g**2 + 260*g + 676. Calculate y(-13).
0
Let b(u) = 1429*u - 11307. Determine b(8).
125
Let w(h) = -172*h**2 + 70520*h + 11. Determine w(410).
11
Let c(f) = 2*f**3 - 145*f**2 - 1470*f - 42. Give c(-9).
-15
Let s(c) = -67*c - 3852. Give s(-65).
503
Let s(x) = 3*x**3 - 261*x**2 + 241*x + 1072. What is s(86)?
-390
Let a(w) = -w**3 + 101*w**2 - 492*w + 10148. What is a(97)?
60
Let b(l) = -l**2 - 645*l - 86203. Give b(-456).
-19
Let y(i) = -760*i - 9560. What is y(-19)?
4880
Let a(s) = 3*s**2 + 372*s + 5278. Calculate a(-107).
-179
Let f(d) = 665*d - 12972. Determine f(20).
328
Let g(j) = j**3 - 38*j**2 - 694*j + 516. Calculate g(-14).
40
Let h(l) = 27*l**3 + 2*l**2 - 16*l + 66. Calculate h(3).
765
Let h(z) = 115198*z - 1036773. Calculate h(9).
9
Let k(i) = 11*i**3 + 747*i**2 - 64*i + 177. Give k(-68).
-95
Let z(s) = -13*s**2 - 6306*s + 12156. What is z(-487)?
-19
Let z(v) = 155*v - 8463. Give z(55).
62
Let r(h) = -332*h + 956. Determine r(3).
-40
Let u(o) = -880*o + 15750. Determine u(18).
-90
Let x(m) = -37217*m + 260528. Calculate x(7).
9
Let z(x) = -16*x**3 - 313*x**2 - 941*x + 12. Give z(-3).
450
Let f(l) = 1053*l - 1098286. Calculate f(1043).
-7
Let r(a) = a**3 + 41*a**2 + 91*a + 367. What is r(-19)?
6580
Let c(n) = n**3 - 547*n**2 + 1259*n - 340. Determine c(2).
-2
Let g(c) = 11*c**2 - 841*c - 462. What is g(77)?
0
Let m(u) = -21*u**2 - 220*u + 524. Calculate m(2).
0
Let v(y) = -3389*y + 6307. Calculate v(2).
-471
Let x(h) = h + 1556. Determine x(164).
1720
Let h(s) = s**3 + 41*s**2 + 360*s - 355. What is h(-28)?
-243
Let p(w) = -6*w**2 + 705*w + 4237. Calculate p(-6).
-209
Let j(t) = -49434*t - 346024. Calculate j(-7).
14
Let v(j) = 2566*j + 89806. What is v(-35)?
-4
Let t(z) = 45*z**3 - 169*z**2 - 36*z - 4. What is t(4)?
28
Let v(u) = -u**2 + 1671*u + 91371. Calculate v(-53).
-1
Let p(w) = -12*w**3 - 2*w**2 - 249*w + 1160. Give p(5).
-1635
Let f(v) = -10*v - 20. Calculate f(-56).
540
Let i(c) = c**3 + 12*c**2 + 2063*c + 41721. Determine i(-19).
-3
Let c(s) = -3*s**3 + 101*s**2 + 31*s + 128. Give c(34).
26
Let m(w) = 4*w**3 - 33*w**2 + 33*w + 681. Calculate m(6).
555
Let k(g) = 5*g**3 - 200*g**2 + 1972*g + 173. What is k(22)?
-3
Let j(w) = 10*w**3 - 61*w**2 + w + 32. Determine j(6).
2
Let d(h) = -1747*h + 80506. Calculate d(46).
144
Let l(b) = -4506*b**3 - 3*b**2 - 19*b + 21. Calculate l(1).
-4507
Let g(v) = -6458*v + 813719. What is g(126)?
11
Let g(f) = f**3 + 142*f**2 + 1730*f - 6709. Calculate g(-17).
6
Let j(i) = i**3 + 7*i**2 + 144*i + 993. Determine j(-7).
-15
Let g(c) = 2*c**3 + 70*c**2 - 136*c - 21. Calculate g(-37).
-465
Let d(q) = q**2 - 947*q + 86195. Determine d(102).
5
Let v(x) = 20*x**3 + 113*x**2 + 623*x - 10. Give v(-5).
-2800
Let b(j) = -2*j**3 + 37*j**2 - 133*j - 80. What is b(15)?
-500
Let b(q) = -7*q**2 + 363*q - 3942. Determine b(31).
584
Let k(q) = -q**3 - 583*q**2 + 1086*q - 49961. Give k(-585).
-821
Let s(b) = 3501*b + 66893. Determine s(-19).
374
Let j(u) = -u**3 - 11*u**2 + 3838*u + 30782. What is j(-8)?
-114
Let f(j) = -j**2 + 531*j + 243792. What is f(-295)?
122
Let o(j) = -11*j**3 - 357*j**2 + 241*j + 12831. Determine o(-32).
-1
Let d(u) = 36*u**2 - 2601*u + 686. Give d(72).
38
Let d(j) = 11*j**3 + 11*j**2 - 5*j - 25. Calculate d(-5).
-1100
Let l(f) = 5*f**2 + 351*f + 26. Calculate l(-70).
-44
Let f(q) = -q**2 - 13037*q - 78189. Determine f(-6).
-3
Let g(w) = -w**3 + 16*w**2 + 497*w + 36. Give g(34).
-3874
Let p(k) = -2419*k - 154768. Determine p(-64).
48
Let t(l) = -379*l + 160290. Calculate t(423).
-27
Let t(g) = 23287*g - 68508. What is t(3)?
1353
L